{"id":9,"date":"2024-12-17T11:56:15","date_gmt":"2024-12-17T11:56:15","guid":{"rendered":"https:\/\/valentinavandoni.com\/?page_id=9"},"modified":"2026-04-13T17:05:05","modified_gmt":"2026-04-13T16:05:05","slug":"elementor-9","status":"publish","type":"page","link":"https:\/\/valentinavandoni.com\/","title":{"rendered":"Valentina Vandoni &#8211; Naturopata e Reflessologa Plantare"},"content":{"rendered":"\t\t<div data-elementor-type=\"wp-page\" data-elementor-id=\"9\" class=\"elementor elementor-9\">\n\t\t\t\t<div class=\"elementor-element elementor-element-1ca7722 e-flex e-con-boxed e-con e-parent\" data-id=\"1ca7722\" data-element_type=\"container\">\n\t\t\t\t\t<div class=\"e-con-inner\">\n\t\t<div class=\"elementor-element elementor-element-190cc0d e-con-full e-flex e-con e-child\" data-id=\"190cc0d\" data-element_type=\"container\">\n\t\t\t\t<div class=\"elementor-element elementor-element-7e14d0b elementor-widget elementor-widget-heading\" data-id=\"7e14d0b\" data-element_type=\"widget\" data-widget_type=\"heading.default\">\n\t\t\t\t<div class=\"elementor-widget-container\">\n\t\t\t\t\t<h2 class=\"elementor-heading-title elementor-size-default\">Valentina Vandoni - Naturopata, Counselor e Riflessologa Plantare<\/h2>\t\t\t\t<\/div>\n\t\t\t\t<\/div>\n\t\t\t\t<\/div>\n\t\t<div class=\"elementor-element elementor-element-48220cb e-con-full e-flex e-con e-child\" data-id=\"48220cb\" data-element_type=\"container\">\n\t\t<div class=\"elementor-element elementor-element-7b27d95 e-grid e-con-full e-con e-child\" data-id=\"7b27d95\" data-element_type=\"container\">\n\t\t\t\t<div class=\"elementor-element elementor-element-982343f elementor-align-center elementor-widget elementor-widget-button\" data-id=\"982343f\" data-element_type=\"widget\" data-widget_type=\"button.default\">\n\t\t\t\t<div class=\"elementor-widget-container\">\n\t\t\t\t\t\t\t\t\t<div class=\"elementor-button-wrapper\">\n\t\t\t\t\t<a class=\"elementor-button elementor-button-link elementor-size-sm\" href=\"#storia\">\n\t\t\t\t\t\t<span class=\"elementor-button-content-wrapper\">\n\t\t\t\t\t\t\t\t\t<span class=\"elementor-button-text\">La mia storia<\/span>\n\t\t\t\t\t<\/span>\n\t\t\t\t\t<\/a>\n\t\t\t\t<\/div>\n\t\t\t\t\t\t\t\t<\/div>\n\t\t\t\t<\/div>\n\t\t\t\t<div class=\"elementor-element elementor-element-53d81d4 elementor-align-center elementor-widget elementor-widget-button\" data-id=\"53d81d4\" data-element_type=\"widget\" data-widget_type=\"button.default\">\n\t\t\t\t<div class=\"elementor-widget-container\">\n\t\t\t\t\t\t\t\t\t<div class=\"elementor-button-wrapper\">\n\t\t\t\t\t<a class=\"elementor-button elementor-button-link elementor-size-sm\" href=\"#naturopata\">\n\t\t\t\t\t\t<span class=\"elementor-button-content-wrapper\">\n\t\t\t\t\t\t\t\t\t<span class=\"elementor-button-text\">Cosa fa il Naturopata<\/span>\n\t\t\t\t\t<\/span>\n\t\t\t\t\t<\/a>\n\t\t\t\t<\/div>\n\t\t\t\t\t\t\t\t<\/div>\n\t\t\t\t<\/div>\n\t\t\t\t<div class=\"elementor-element elementor-element-0fcd8b0 elementor-align-center elementor-widget elementor-widget-button\" data-id=\"0fcd8b0\" data-element_type=\"widget\" data-widget_type=\"button.default\">\n\t\t\t\t<div class=\"elementor-widget-container\">\n\t\t\t\t\t\t\t\t\t<div class=\"elementor-button-wrapper\">\n\t\t\t\t\t<a class=\"elementor-button elementor-button-link elementor-size-sm\" href=\"#counselor\">\n\t\t\t\t\t\t<span class=\"elementor-button-content-wrapper\">\n\t\t\t\t\t\t\t\t\t<span class=\"elementor-button-text\">Cosa fa il Counselor<\/span>\n\t\t\t\t\t<\/span>\n\t\t\t\t\t<\/a>\n\t\t\t\t<\/div>\n\t\t\t\t\t\t\t\t<\/div>\n\t\t\t\t<\/div>\n\t\t\t\t<div class=\"elementor-element elementor-element-491402b elementor-align-center elementor-widget elementor-widget-button\" data-id=\"491402b\" data-element_type=\"widget\" data-widget_type=\"button.default\">\n\t\t\t\t<div class=\"elementor-widget-container\">\n\t\t\t\t\t\t\t\t\t<div class=\"elementor-button-wrapper\">\n\t\t\t\t\t<a class=\"elementor-button elementor-button-link elementor-size-sm\" href=\"#femminile\">\n\t\t\t\t\t\t<span class=\"elementor-button-content-wrapper\">\n\t\t\t\t\t\t\t\t\t<span class=\"elementor-button-text\">Percorsi al femminile<\/span>\n\t\t\t\t\t<\/span>\n\t\t\t\t\t<\/a>\n\t\t\t\t<\/div>\n\t\t\t\t\t\t\t\t<\/div>\n\t\t\t\t<\/div>\n\t\t\t\t<div class=\"elementor-element elementor-element-c3ae93d elementor-align-center elementor-widget elementor-widget-button\" data-id=\"c3ae93d\" data-element_type=\"widget\" data-widget_type=\"button.default\">\n\t\t\t\t<div class=\"elementor-widget-container\">\n\t\t\t\t\t\t\t\t\t<div class=\"elementor-button-wrapper\">\n\t\t\t\t\t<a class=\"elementor-button elementor-button-link elementor-size-sm\" href=\"#proposte\">\n\t\t\t\t\t\t<span class=\"elementor-button-content-wrapper\">\n\t\t\t\t\t\t\t\t\t<span class=\"elementor-button-text\">Tutte le mie proposte<\/span>\n\t\t\t\t\t<\/span>\n\t\t\t\t\t<\/a>\n\t\t\t\t<\/div>\n\t\t\t\t\t\t\t\t<\/div>\n\t\t\t\t<\/div>\n\t\t\t\t<div class=\"elementor-element elementor-element-320146f elementor-align-center elementor-widget elementor-widget-button\" data-id=\"320146f\" data-element_type=\"widget\" data-widget_type=\"button.default\">\n\t\t\t\t<div class=\"elementor-widget-container\">\n\t\t\t\t\t\t\t\t\t<div class=\"elementor-button-wrapper\">\n\t\t\t\t\t<a class=\"elementor-button elementor-button-link elementor-size-sm\" href=\"#dove\">\n\t\t\t\t\t\t<span class=\"elementor-button-content-wrapper\">\n\t\t\t\t\t\t\t\t\t<span class=\"elementor-button-text\">Dove sono<\/span>\n\t\t\t\t\t<\/span>\n\t\t\t\t\t<\/a>\n\t\t\t\t<\/div>\n\t\t\t\t\t\t\t\t<\/div>\n\t\t\t\t<\/div>\n\t\t\t\t<div class=\"elementor-element elementor-element-599615f elementor-align-center elementor-widget elementor-widget-button\" data-id=\"599615f\" data-element_type=\"widget\" data-widget_type=\"button.default\">\n\t\t\t\t<div class=\"elementor-widget-container\">\n\t\t\t\t\t\t\t\t\t<div class=\"elementor-button-wrapper\">\n\t\t\t\t\t<a class=\"elementor-button elementor-button-link elementor-size-sm\" href=\"https:\/\/valentinavandoni.com\/?page_id=83\">\n\t\t\t\t\t\t<span class=\"elementor-button-content-wrapper\">\n\t\t\t\t\t\t\t\t\t<span class=\"elementor-button-text\">Privacy policy<\/span>\n\t\t\t\t\t<\/span>\n\t\t\t\t\t<\/a>\n\t\t\t\t<\/div>\n\t\t\t\t\t\t\t\t<\/div>\n\t\t\t\t<\/div>\n\t\t\t\t<\/div>\n\t\t<div class=\"elementor-element elementor-element-e262b23 e-grid e-con-full e-con e-child\" data-id=\"e262b23\" data-element_type=\"container\">\n\t\t\t\t<div class=\"elementor-element elementor-element-c2cdb0d elementor-widget elementor-widget-image\" data-id=\"c2cdb0d\" data-element_type=\"widget\" data-widget_type=\"image.default\">\n\t\t\t\t<div class=\"elementor-widget-container\">\n\t\t\t\t\t\t\t\t\t\t\t\t\t\t\t<img fetchpriority=\"high\" decoding=\"async\" width=\"543\" height=\"659\" src=\"https:\/\/valentinavandoni.com\/wp-content\/uploads\/2025\/01\/FOTO-VALE-CV.jpeg\" class=\"attachment-large size-large wp-image-34\" alt=\"\" srcset=\"https:\/\/valentinavandoni.com\/wp-content\/uploads\/2025\/01\/FOTO-VALE-CV.jpeg 543w, https:\/\/valentinavandoni.com\/wp-content\/uploads\/2025\/01\/FOTO-VALE-CV-247x300.jpeg 247w\" sizes=\"(max-width: 543px) 100vw, 543px\" \/>\t\t\t\t\t\t\t\t\t\t\t\t\t\t\t<\/div>\n\t\t\t\t<\/div>\n\t\t\t\t<div class=\"elementor-element elementor-element-456b70f elementor-widget elementor-widget-text-editor\" data-id=\"456b70f\" data-element_type=\"widget\" data-widget_type=\"text-editor.default\">\n\t\t\t\t<div class=\"elementor-widget-container\">\n\t\t\t\t\t\t\t\t\t<p><em>\u201cTutto quello che dobbiamo fare \u00e8 conservare la nostra personalit\u00e0, vivere la nostra vera vita. Essere il capitano della vera nave. E tutto andr\u00e0 bene\u201d (E. Bach)<\/em><\/p><p><strong>Colloqui e trattamenti a Milano (M2 S.Agostino, M4 S.Ambrogio e Coni Zugna) e online<\/strong><\/p><p><strong>Telefono e whatsapp: 3534786492<\/strong><\/p><p><strong>E-mail: naturopata.vandoni@gmail.com<\/strong><\/p>\t\t\t\t\t\t\t\t<\/div>\n\t\t\t\t<\/div>\n\t\t\t\t<\/div>\n\t\t\t\t<\/div>\n\t\t<div class=\"elementor-element elementor-element-2779177 e-con-full e-flex e-con e-child\" data-id=\"2779177\" data-element_type=\"container\" id=\"storia\">\n\t\t\t\t<div class=\"elementor-element elementor-element-1548e5d elementor-widget elementor-widget-heading\" data-id=\"1548e5d\" data-element_type=\"widget\" data-widget_type=\"heading.default\">\n\t\t\t\t<div class=\"elementor-widget-container\">\n\t\t\t\t\t<h2 class=\"elementor-heading-title elementor-size-default\">La mia storia<\/h2>\t\t\t\t<\/div>\n\t\t\t\t<\/div>\n\t\t\t\t<div class=\"elementor-element elementor-element-dfb688c elementor-widget elementor-widget-text-editor\" data-id=\"dfb688c\" data-element_type=\"widget\" data-widget_type=\"text-editor.default\">\n\t\t\t\t<div class=\"elementor-widget-container\">\n\t\t\t\t\t\t\t\t\t<p><em>Sono cresciuta nella provincia milanese degli anni \u201980, in una famiglia con forte etica del lavoro. Subito dopo la laurea mi sono occupata della gestione del personale di importanti aziende, con ritmi e situazioni stressanti da gestire. Fino a che ad un certo punto il mio corpo ha iniziato a mandarmi dei \u201csegnali di allarme\u201d (mal di testa, problemi di stomaco, cistiti ricorrenti\u2026): pur di non rallentare ho provato a farli tacere in mille modi, ma i sintomi non facevano che peggiorare. Ed \u00e8 stato allora che mi sono aperta ad una nuova possibilit\u00e0, che per me \u00e8 stata talmente risolutiva da farmi cambiare vita. Ho ripreso a studiare, con impegno e passione. E oggi il mio obiettivo \u00e8 quello di dare un supporto concreto a chiunque si trovi in queste situazioni, poich\u00e9 credo fortemente che trascurare a lungo s\u00e9 stessi ed i propri bisogni per &#8220;reggere un ritmo&#8221; non dovrebbe mai essere la regola, e, quando possibile, nemmeno l\u2019eccezione.<\/em><\/p>\t\t\t\t\t\t\t\t<\/div>\n\t\t\t\t<\/div>\n\t\t\t\t<\/div>\n\t\t<div class=\"elementor-element elementor-element-ac33cd0 e-con-full e-flex e-con e-child\" data-id=\"ac33cd0\" data-element_type=\"container\" id=\"naturopata\">\n\t\t\t\t<div class=\"elementor-element elementor-element-df7b71e elementor-widget elementor-widget-heading\" data-id=\"df7b71e\" data-element_type=\"widget\" data-widget_type=\"heading.default\">\n\t\t\t\t<div class=\"elementor-widget-container\">\n\t\t\t\t\t<h2 class=\"elementor-heading-title elementor-size-default\">Cosa fa il Naturopata<\/h2>\t\t\t\t<\/div>\n\t\t\t\t<\/div>\n\t\t\t\t<div class=\"elementor-element elementor-element-71c48f2 elementor-widget elementor-widget-text-editor\" data-id=\"71c48f2\" data-element_type=\"widget\" data-widget_type=\"text-editor.default\">\n\t\t\t\t<div class=\"elementor-widget-container\">\n\t\t\t\t\t\t\t\t\t<p>In molti me lo chiedono, anche perch\u00e9, soprattutto in Italia, la Naturopatia non \u00e8 ancora una disciplina molto conosciuta. Proviamo a fare un po\u2019 di chiarezza:<\/p><p><em>Il Naturopata \u00e8 la figura professionale che si occupa del benessere della Persona integrata nella sua condizione familiare, sociale ed ambientale. <\/em><strong>Ogni persona viene considerata nella sua globalit\u00e0 e nella sua unicit\u00e0, in un approccio che va oltre i pesi, le misure e gli indicatori numerici.<\/strong> Ognuno di noi, in ogni momento, porta con s\u00e9 il proprio vissuto, il proprio sentire e la propria storia, da ascoltare, comprendere e rispettare.<\/p><p><em>Le attivit\u00e0 riguardano le <u>aree non specificatamente mediche della salute<\/u>: non hanno finalit\u00e0 diagnostiche n\u00e9 terapeutiche in senso stretto, bens\u00ec di <u>stimolo delle capacit\u00e0 di auto-guarigione<\/u> dell\u2019individuo nella sua globalit\u00e0.<\/em> La finalit\u00e0 \u00e8 quindi individuare le cause in una <strong>prospettiva psicosomatica<\/strong>, e non solo trattare i sintomi manifesti, al fine di apportare benefici alla persona nel suo insieme.<\/p><p><em>L&#8217;obiettivo \u00e8 quello di promuovere la salute e il riequilibrio globale tramite colloqui, valutazioni naturopatiche, trattamenti e programmi personalizzati, anche in sostegno alle eventuali terapie mediche.<\/em> Si integrano quindi diverse\u00a0discipline (tra cui la Fitoterapia, l\u2019Aromaterapia, la Medicina Tradizionale Cinese e la Floriterapia), per poter sviluppare\u00a0piani di trattamento completamente personalizzati.<\/p>\t\t\t\t\t\t\t\t<\/div>\n\t\t\t\t<\/div>\n\t\t\t\t<\/div>\n\t\t<div class=\"elementor-element elementor-element-94c416d e-con-full e-flex e-con e-child\" data-id=\"94c416d\" data-element_type=\"container\" id=\"counselor\">\n\t\t\t\t<div class=\"elementor-element elementor-element-d7928cf elementor-widget elementor-widget-heading\" data-id=\"d7928cf\" data-element_type=\"widget\" data-widget_type=\"heading.default\">\n\t\t\t\t<div class=\"elementor-widget-container\">\n\t\t\t\t\t<h2 class=\"elementor-heading-title elementor-size-default\">Cosa fa il Counselor<\/h2>\t\t\t\t<\/div>\n\t\t\t\t<\/div>\n\t\t\t\t<div class=\"elementor-element elementor-element-2e5164d elementor-widget elementor-widget-text-editor\" data-id=\"2e5164d\" data-element_type=\"widget\" data-widget_type=\"text-editor.default\">\n\t\t\t\t<div class=\"elementor-widget-container\">\n\t\t\t\t\t\t\t\t\t<p>Il counselor \u00e8 un <strong>professionista della relazione di aiuto<\/strong>, il cui compito \u00e8 quello di fornire un <strong>supporto nel superare momenti di difficolt\u00e0 o di cambiamento (personale, relazionale o lavorativo)<\/strong>, aumentando la consapevolezza e valorizzando le risorse.<\/p><p><span style=\"text-decoration: underline;\"><em>Non fa diagnosi n\u00e9 terapia<\/em><\/span>, ma facilita cambiamenti positivi attraverso ascolto empatico e tecniche che integrano corpo, mente ed energia, in un approccio olistico e completamente personalizzato.<\/p>\t\t\t\t\t\t\t\t<\/div>\n\t\t\t\t<\/div>\n\t\t\t\t<\/div>\n\t\t<div class=\"elementor-element elementor-element-180feb6 e-con-full e-flex e-con e-child\" data-id=\"180feb6\" data-element_type=\"container\" id=\"femminile\">\n\t\t\t\t<div class=\"elementor-element elementor-element-3087658 elementor-widget elementor-widget-heading\" data-id=\"3087658\" data-element_type=\"widget\" data-widget_type=\"heading.default\">\n\t\t\t\t<div class=\"elementor-widget-container\">\n\t\t\t\t\t<h2 class=\"elementor-heading-title elementor-size-default\">Percorsi al femminile<\/h2>\t\t\t\t<\/div>\n\t\t\t\t<\/div>\n\t\t\t\t<div class=\"elementor-element elementor-element-ab161f0 elementor-widget elementor-widget-text-editor\" data-id=\"ab161f0\" data-element_type=\"widget\" data-widget_type=\"text-editor.default\">\n\t\t\t\t<div class=\"elementor-widget-container\">\n\t\t\t\t\t\t\t\t\t<p>Come Naturopata e Counselor mi specializzata in particolare <strong>nell&#8217;accompagnamento e nel supporto alle donne nelle fasi di cambiamento ormonale <\/strong>(gravidanza, maternit\u00e0, perimenopausa e menopausa).<\/p><p>Alle mie clienti offro un <strong>approccio personalizzato ed integrato<\/strong>, in cui affianco:<\/p><p><strong>&#8211; percorsi brevi di counseling <\/strong>per esplorare insieme le emozioni, i timori e le nuove necessit\u00e0 che emergono nel cambiamento, e le risorse personali che \u00e8 possibile mettere in atto<\/p><p><strong>&#8211; consulenze personalizzate <\/strong>su rimedi naturali dolci (fitoterapia, aromaterapia, floriterapia), alimentazione, medicina tradizionale cinese ed integrazione<\/p><p><strong>&#8211; <\/strong>trattamenti mirati di<strong> riflessologia plantare<\/strong><\/p>\t\t\t\t\t\t\t\t<\/div>\n\t\t\t\t<\/div>\n\t\t\t\t<\/div>\n\t\t<div class=\"elementor-element elementor-element-5322175 e-con-full e-flex e-con e-child\" data-id=\"5322175\" data-element_type=\"container\" id=\"proposte\">\n\t\t\t\t<div class=\"elementor-element elementor-element-b4425b9 elementor-widget elementor-widget-heading\" data-id=\"b4425b9\" data-element_type=\"widget\" data-widget_type=\"heading.default\">\n\t\t\t\t<div class=\"elementor-widget-container\">\n\t\t\t\t\t<h2 class=\"elementor-heading-title elementor-size-default\">Tutte le mie proposte<\/h2>\t\t\t\t<\/div>\n\t\t\t\t<\/div>\n\t\t\t\t<div class=\"elementor-element elementor-element-370537a elementor-widget elementor-widget-text-editor\" data-id=\"370537a\" data-element_type=\"widget\" data-widget_type=\"text-editor.default\">\n\t\t\t\t<div class=\"elementor-widget-container\">\n\t\t\t\t\t\t\t\t\t<p><span style=\"text-decoration: underline;\">Il<strong> Colloquio Naturopatico (in presenza e online)<\/strong><\/span><\/p><p>Il Colloquio Naturopatico \u00e8 <strong>un\u2019esperienza completa ed approfondita<\/strong>, in cui al centro viene posta la Persona nella sua globalit\u00e0, nella sua storia e nelle sue aspettative. Pu\u00f2 essere anche, e soprattutto,<strong> l\u2019inizio di un nuovo percorso, di consapevolezza e di cura di s\u00e9.<\/strong><\/p><p>La prima parte del colloquio consiste in una raccolta di informazioni e una valutazione globale, comprensiva dell\u2019analisi punti riflessi del piede e di osservazioni derivate dalla Medicina Tradizionale Cinese. Viene infine proposto un piano personalizzato, comprensivo di rimedi naturali specifici e possibili trattamenti integrativi, nel rispetto dell\u2019unicit\u00e0 di ciascuno.<\/p><p><span style=\"text-decoration: underline;\">Il<strong> Colloquio di Counseling (in presenza e online)<\/strong><\/span><\/p><p>Come <strong>Counselor<\/strong> sono specializzata in<strong> percorsi brevi, <\/strong>con focus su <strong>tematiche personali<\/strong> (autostima, gestione dello stress), <strong>relazionali<\/strong> (familiari, amicali, di coppia) e <strong>lavorativi<\/strong> (percorsi di carriera, work-life balance, relazioni con colleghi e superiori)<\/p><p><span style=\"text-decoration: underline;\"><strong>La Riflessologia Plantare (in presenza)<\/strong><\/span><\/p><p>La <strong>Riflessologia Plantare <\/strong>\u00e8 una\u00a0tecnica manuale millenaria volta a favorire il riequilibrio psicofisico globale. Per una migliore efficacia sono consigliati dei cicli di trattamenti, da valutare con la persona in base alle sue specifiche necessit\u00e0.<\/p><p><span style=\"text-decoration: underline;\"><strong>Consulenze e formazioni personalizzate (in presenza e online)<\/strong><\/span><\/p><p>Da sempre appassionata di formazione, collaboro con Universit\u00e0 della Terza Et\u00e0 e propongo <strong>brevi percorsi formativi personalizzati, adatti ad ogni livello di preparazione.<\/strong><\/p><p>Propongo inoltre brevi percorsi di\u00a0<strong>Meditazione Mindfulness<\/strong>, dedicati a chi sente di volere integrare piccole ma significative buone pratiche nella propria routine quotidiana.<\/p><p>Propongo infine approfondimenti sulla <strong>Medicina Tradizionale Cinese,<\/strong> in particolare applicata alle tematiche del femminile (ciclo mestruale, climaterio, menopausa).<\/p>\t\t\t\t\t\t\t\t<\/div>\n\t\t\t\t<\/div>\n\t\t\t\t<\/div>\n\t\t<div class=\"elementor-element elementor-element-8d91f21 e-con-full e-flex e-con e-child\" data-id=\"8d91f21\" data-element_type=\"container\" id=\"dove\">\n\t\t\t\t<div class=\"elementor-element elementor-element-c50584f elementor-widget elementor-widget-heading\" data-id=\"c50584f\" data-element_type=\"widget\" data-widget_type=\"heading.default\">\n\t\t\t\t<div class=\"elementor-widget-container\">\n\t\t\t\t\t<h2 class=\"elementor-heading-title elementor-size-default\">Dove sono<\/h2>\t\t\t\t<\/div>\n\t\t\t\t<\/div>\n\t\t\t\t<div class=\"elementor-element elementor-element-a27f07d elementor-widget elementor-widget-text-editor\" data-id=\"a27f07d\" data-element_type=\"widget\" data-widget_type=\"text-editor.default\">\n\t\t\t\t<div class=\"elementor-widget-container\">\n\t\t\t\t\t\t\t\t\t<p><strong>Ricevo a Milano (M2 S.Agostino, M4 S.Ambrogio e Coni Zugna), ed effettuo consulenze e colloqui online<\/strong><\/p><p><strong>Telefono e whatsapp: 3534786492<\/strong><\/p><p><strong>E-mail: naturopata.vandoni@gmail.com<\/strong><\/p>\t\t\t\t\t\t\t\t<\/div>\n\t\t\t\t<\/div>\n\t\t\t\t<\/div>\n\t\t\t\t\t<\/div>\n\t\t\t\t<\/div>\n\t\t\t\t<\/div>\n\t\t","protected":false},"excerpt":{"rendered":"<p>Valentina Vandoni &#8211; Naturopata, Counselor e Riflessologa Plantare La mia storia Cosa fa il Naturopata Cosa fa il Counselor Percorsi al femminile Tutte le mie proposte Dove sono Privacy policy \u201cTutto quello che dobbiamo fare \u00e8 conservare la nostra personalit\u00e0, vivere la nostra vera vita. Essere il capitano della vera nave. E tutto andr\u00e0 bene\u201d [&hellip;]<\/p>\n","protected":false},"author":2,"featured_media":0,"parent":0,"menu_order":0,"comment_status":"closed","ping_status":"closed","template":"","meta":{"footnotes":""},"class_list":["post-9","page","type-page","status-publish","hentry"],"_links":{"self":[{"href":"https:\/\/valentinavandoni.com\/index.php?rest_route=\/wp\/v2\/pages\/9","targetHints":{"allow":["GET"]}}],"collection":[{"href":"https:\/\/valentinavandoni.com\/index.php?rest_route=\/wp\/v2\/pages"}],"about":[{"href":"https:\/\/valentinavandoni.com\/index.php?rest_route=\/wp\/v2\/types\/page"}],"author":[{"embeddable":true,"href":"https:\/\/valentinavandoni.com\/index.php?rest_route=\/wp\/v2\/users\/2"}],"replies":[{"embeddable":true,"href":"https:\/\/valentinavandoni.com\/index.php?rest_route=%2Fwp%2Fv2%2Fcomments&post=9"}],"version-history":[{"count":5,"href":"https:\/\/valentinavandoni.com\/index.php?rest_route=\/wp\/v2\/pages\/9\/revisions"}],"predecessor-version":[{"id":183,"href":"https:\/\/valentinavandoni.com\/index.php?rest_route=\/wp\/v2\/pages\/9\/revisions\/183"}],"wp:attachment":[{"href":"https:\/\/valentinavandoni.com\/index.php?rest_route=%2Fwp%2Fv2%2Fmedia&parent=9"}],"curies":[{"name":"wp","href":"https:\/\/api.w.org\/{rel}","templated":true}]}}